23.80.88.112 - - [05/May/2026:10:51:26 -0400] "GET /adventures/?q=ebizuy HTTP/1.1" 200 56558 "https://www.bakermountainguides.com/adventures/" "Mozilla/5.0 (Macintosh; Intel Mac OS X 10_15_7) AppleWebKit/537.36 (KHTML, like Gecko) Chrome/113.0.5672.126 Safari/537.36"
23.80.88.112 - - [05/May/2026:10:50:19 -0400] "GET /adventures/?q=ibxgmq HTTP/1.1" 404 - "https://www.bakermountainguides.com/adventures/" "Mozilla/5.0 (Macintosh; Intel Mac OS X 10_15_7) AppleWebKit/537.36 (KHTML, like Gecko) Chrome/121.0.0.0 Safari/537.36"
41.220.17.62 - - [05/May/2026:10:50:28 -0400] "GET /adventures/?q=dkbtzh HTTP/1.1" 404 - "https://www.bakermountainguides.com/adventures/" "Mozilla/5.0 (Windows NT 10.0; Win64; x64; rv:62.0) Gecko/20100101 Firefox/62.0"
183.110.216.129 - - [05/May/2026:10:50:23 -0400] "GET /adventures/?q=vdfvby HTTP/1.1" 200 56558 "https://www.bakermountainguides.com/adventures/" "Mozilla/5.0 (X11; Linux x86_64) AppleWebKit/537.36 (KHTML, like Gecko) Chrome/120.0.0.0 Safari/537.36"
103.133.27.229 - - [05/May/2026:10:50:34 -0400] "GET /adventures/?q=xyxrgs HTTP/1.1" 200 56558 "https://www.bakermountainguides.com/adventures/" "Mozilla/5.0 (Windows NT 6.3; Win64; x64) AppleWebKit/537.36 (KHTML, like Gecko) Chrome/91.0.4472.124 Safari/537.36 Edge/91.0.864.59"
27.34.242.102 - - [05/May/2026:10:51:33 -0400] "GET /adventures/?q=yixtns HTTP/1.1" 200 56558 "https://www.bakermountainguides.com/adventures/" "Mozilla/5.0 (Windows NT 6.1; WOW64; rv:99.0) Gecko/20100101 Firefox/99.0"
103.125.31.222 - - [05/May/2026:10:50:45 -0400] "GET /adventures/?q=bymykx HTTP/1.1" 200 56558 "https://www.bakermountainguides.com/adventures/" "Mozilla/5.0 (Windows NT 6.1; WOW64; rv:92.0) Gecko/20100101 Firefox/92.0"
183.110.216.129 - - [05/May/2026:10:50:39 -0400] "GET /adventures/?q=zhlbxj HTTP/1.1" 200 56558 "https://www.bakermountainguides.com/adventures/" "Mozilla/5.0 (Macintosh; Intel Mac OS X 10_15_7) AppleWebKit/537.36 (KHTML, like Gecko) Chrome/113.0.5672.126 Safari/537.36"
23.80.88.112 - - [05/May/2026:10:50:23 -0400] "GET /adventures/?q=vqipkp HTTP/1.1" 200 56558 "https://www.bakermountainguides.com/adventures/" "Mozilla/5.0 (Windows NT 10.0; Win64; x64; rv:62.0) Gecko/20100101 Firefox/62.0"
23.80.88.112 - - [05/May/2026:10:50:34 -0400] "GET /adventures/?q=abkcqg HTTP/1.1" 404 - "https://www.bakermountainguides.com/adventures/" "Mozilla/5.0 (Windows NT 10.0; Win64; x64) AppleWebKit/537.36 (KHTML, like Gecko) Chrome/108.0.0.0 Safari/537.36"
23.80.88.112 - - [05/May/2026:10:50:31 -0400] "GET /adventures/?q=zuoudf HTTP/1.1" 200 56558 "https://www.bakermountainguides.com/adventures/" "Mozilla/5.0 (Windows NT 10.0; Win64; x64) AppleWebKit/537.36 (KHTML, like Gecko) Chrome/112.0.5615.121 Safari/537.36"
23.80.88.112 - - [05/May/2026:10:50:34 -0400] "GET /adventures/?q=skuigy HTTP/1.1" 404 - "https://www.bakermountainguides.com/adventures/" "Mozilla/5.0 (Windows NT 6.1; Win64; x64; rv:91.0) Gecko/20100101 Firefox/91.0"
23.80.88.112 - - [05/May/2026:10:50:42 -0400] "GET /adventures/?q=wfexhw HTTP/1.1" 200 56558 "https://www.bakermountainguides.com/adventures/" "Mozilla/5.0 (Windows NT 10.0; Win64; x64) AppleWebKit/537.36 (KHTML, like Gecko) Chrome/108.0.0.0 Safari/537.36"
157.90.10.15 - - [05/May/2026:10:50:45 -0400] "GET /adventures/?q=jtaexk HTTP/1.1" 200 56558 "https://www.bakermountainguides.com/adventures/" "Mozilla/5.0 (Macintosh; Intel Mac OS X 10_15_6) AppleWebKit/537.36 (KHTML, like Gecko) Chrome/111.0.0.0 Safari/537.36"
118.97.164.19 - - [05/May/2026:10:50:36 -0400] "GET /adventures/?q=mcicrs HTTP/1.1" 200 56558 "https://www.bakermountainguides.com/adventures/" "Mozilla/5.0 (Windows NT 6.1; WOW64; rv:92.0) Gecko/20100101 Firefox/92.0"
160.248.7.177 - - [05/May/2026:10:51:27 -0400] "GET /adventures/?q=gzfjdv HTTP/1.1" 200 56558 "https://www.bakermountainguides.com/adventures/" "Mozilla/5.0 (Macintosh; Intel Mac OS X 10_15_7) AppleWebKit/537.36 (KHTML, like Gecko) Chrome/109.0.0.0 Safari/537.36"
49.48.46.84 - - [05/May/2026:10:50:30 -0400] "GET /adventures/?q=uspdbe HTTP/1.1" 404 - "https://www.bakermountainguides.com/adventures/" "Mozilla/5.0 (Linux; Android 12; SM-G998B) AppleWebKit/537.36 (KHTML, like Gecko) Chrome/101.0.4951.41 Mobile Safari/537.36"
157.90.10.15 - - [05/May/2026:10:50:25 -0400] "GET /adventures/?q=swdcno HTTP/1.1" 200 56558 "https://www.bakermountainguides.com/adventures/" "Mozilla/5.0 (Windows NT 6.3; Win64; x64) AppleWebKit/537.36 (KHTML, like Gecko) Chrome/91.0.4472.124 Safari/537.36 Edge/91.0.864.59"
23.80.88.112 - - [05/May/2026:10:50:42 -0400] "GET /adventures/?q=vtgnef HTTP/1.1" 404 - "https://www.bakermountainguides.com/adventures/" "Mozilla/5.0 (Macintosh; Intel Mac OS X 10_15_7) AppleWebKit/537.36 (KHTML, like Gecko) Chrome/113.0.5672.126 Safari/537.36"
23.80.88.112 - - [05/May/2026:10:50:28 -0400] "GET /adventures/?q=haxeqh HTTP/1.1" 200 56558 "https://www.bakermountainguides.com/adventures/" "Mozilla/5.0 (X11; Linux x86_64) AppleWebKit/537.36 (KHTML, like Gecko) Chrome/120.0.0.0 Safari/537.36"
41.220.17.62 - - [05/May/2026:10:50:35 -0400] "GET /adventures/?q=lnkrmg HTTP/1.1" 404 - "https://www.bakermountainguides.com/adventures/" "Mozilla/5.0 (Windows NT 10.0; Win64; x64) AppleWebKit/537.36 (KHTML, like Gecko) Chrome/122.0.0.0 Safari/537.36"
183.110.216.129 - - [05/May/2026:10:50:41 -0400] "GET /adventures/?q=hrigld HTTP/1.1" 200 56558 "https://www.bakermountainguides.com/adventures/" "Mozilla/5.0 (Windows NT 10.0; Win64; x64; rv:62.0) Gecko/20100101 Firefox/62.0"
157.90.10.15 - - [05/May/2026:10:51:27 -0400] "GET /adventures/?q=istgqs HTTP/1.1" 200 56558 "https://www.bakermountainguides.com/adventures/" "Mozilla/5.0 (Macintosh; Intel Mac OS X 10_15_7) AppleWebKit/537.36 (KHTML, like Gecko) Chrome/109.0.0.0 Safari/537.36"
23.80.88.112 - - [05/May/2026:10:50:40 -0400] "GET /adventures/?q=bpcnnk HTTP/1.1" 200 56558 "https://www.bakermountainguides.com/adventures/" "Mozilla/5.0 (Macintosh; Intel Mac OS X 10_14_6) AppleWebKit/537.36 (KHTML, like Gecko) Chrome/95.0.4638.69 Safari/537.36"
23.80.88.112 - - [05/May/2026:10:50:22 -0400] "GET /adventures/?q=yswkph HTTP/1.1" 404 - "https://www.bakermountainguides.com/adventures/" "Mozilla/5.0 (Windows NT 6.1; Win64; x64) AppleWebKit/537.36 (KHTML, like Gecko) Chrome/105.0.5195.127 Safari/537.36 Edge/105.0.1343.33"
23.80.88.112 - - [05/May/2026:10:50:24 -0400] "GET /adventures/?q=xxfcwc HTTP/1.1" 404 - "https://www.bakermountainguides.com/adventures/" "Mozilla/5.0 (Windows NT 6.1; Win64; x64; rv:91.0) Gecko/20100101 Firefox/91.0"
41.220.17.62 - - [05/May/2026:10:50:25 -0400] "GET /adventures/?q=zivtwc HTTP/1.1" 200 56558 "https://www.bakermountainguides.com/adventures/" "Mozilla/5.0 (Windows NT 6.1; Win64; x64) AppleWebKit/537.36 (KHTML, like Gecko) Chrome/105.0.5195.127 Safari/537.36 Edge/105.0.1343.33"
23.80.88.112 - - [05/May/2026:10:50:23 -0400] "GET /adventures/?q=psycuu HTTP/1.1" 404 - "https://www.bakermountainguides.com/adventures/" "Mozilla/5.0 (Windows NT 10.0; Win64; x64) AppleWebKit/537.36 (KHTML, like Gecko) Chrome/122.0.0.0 Safari/537.36"
41.220.17.62 - - [05/May/2026:10:50:39 -0400] "GET /adventures/?q=tgemrw HTTP/1.1" 200 56558 "https://www.bakermountainguides.com/adventures/" "Mozilla/5.0 (Windows NT 6.3; Win64; x64) AppleWebKit/537.36 (KHTML, like Gecko) Chrome/91.0.4472.124 Safari/537.36 Edge/91.0.864.59"
23.80.88.112 - - [05/May/2026:10:50:42 -0400] "GET /adventures/?q=hfifbv HTTP/1.1" 200 56558 "https://www.bakermountainguides.com/adventures/" "Mozilla/5.0 (Windows NT 10.0; Win64; x64) AppleWebKit/537.36 (KHTML, like Gecko) Chrome/104.0.5112.101 Safari/537.36 Edge/104.0.1293.70"
23.80.88.112 - - [05/May/2026:10:50:30 -0400] "GET /adventures/?q=xxcuou HTTP/1.1" 200 56558 "https://www.bakermountainguides.com/adventures/" "Mozilla/5.0 (Windows NT 10.0; Win64; x64) AppleWebKit/537.36 (KHTML, like Gecko) Chrome/122.0.0.0 Safari/537.36"
23.80.88.112 - - [05/May/2026:10:50:25 -0400] "GET /adventures/?q=ihjnhl HTTP/1.1" 200 56558 "https://www.bakermountainguides.com/adventures/" "Mozilla/5.0 (Windows NT 10.0; Win64; x64) AppleWebKit/537.36 (KHTML, like Gecko) Chrome/122.0.0.0 Safari/537.36"
157.90.10.15 - - [05/May/2026:10:50:47 -0400] "GET /adventures/?q=khmfgh HTTP/1.1" 200 56558 "https://www.bakermountainguides.com/adventures/" "Mozilla/5.0 (Macintosh; Intel Mac OS X 10_15_7) AppleWebKit/537.36 (KHTML, like Gecko) Chrome/121.0.0.0 Safari/537.36"
157.90.10.15 - - [05/May/2026:10:51:36 -0400] "GET /adventures/?q=nkfojr HTTP/1.1" 200 56558 "https://www.bakermountainguides.com/adventures/" "Mozilla/5.0 (Linux; Android 12; SM-G998B) AppleWebKit/537.36 (KHTML, like Gecko) Chrome/101.0.4951.41 Mobile Safari/537.36"
23.80.88.112 - - [05/May/2026:10:50:25 -0400] "GET /adventures/?q=owjcgi HTTP/1.1" 404 - "https://www.bakermountainguides.com/adventures/" "Mozilla/5.0 (Windows NT 10.0; Win64; x64) AppleWebKit/537.36 (KHTML, like Gecko) Chrome/122.0.0.0 Safari/537.36"
23.80.88.112 - - [05/May/2026:10:50:23 -0400] "GET /adventures/?q=yohwea HTTP/1.1" 404 - "https://www.bakermountainguides.com/adventures/" "Mozilla/5.0 (Macintosh; Intel Mac OS X 10_15_7) AppleWebKit/537.36 (KHTML, like Gecko) Chrome/121.0.0.0 Safari/537.36"
23.80.88.112 - - [05/May/2026:10:50:44 -0400] "GET /adventures/?q=auzers HTTP/1.1" 200 56558 "https://www.bakermountainguides.com/adventures/" "Mozilla/5.0 (Windows NT 10.0; Win64; x64) AppleWebKit/537.36 (KHTML, like Gecko) Chrome/90.0.4430.212 Safari/537.36 Edge/90.0.818.66"
23.80.88.112 - - [05/May/2026:10:50:23 -0400] "GET /adventures/?q=pvrung HTTP/1.1" 404 - "https://www.bakermountainguides.com/adventures/" "Mozilla/5.0 (Windows NT 10.0; Win64; x64) AppleWebKit/537.36 (KHTML, like Gecko) Chrome/90.0.4430.212 Safari/537.36 Edge/90.0.818.66"
23.80.88.112 - - [05/May/2026:10:50:23 -0400] "GET /adventures/?q=xjxocb HTTP/1.1" 404 - "https://www.bakermountainguides.com/adventures/" "Mozilla/5.0 (Windows NT 6.1; Win64; x64) AppleWebKit/537.36 (KHTML, like Gecko) Chrome/102.0.5005.115 Safari/537.36 Edge/102.0.1245.39"
183.110.216.129 - - [05/May/2026:10:51:27 -0400] "GET /adventures/?q=sdoqst HTTP/1.1" 200 56558 "https://www.bakermountainguides.com/adventures/" "Mozilla/5.0 (Windows NT 6.1; Win64; x64) AppleWebKit/537.36 (KHTML, like Gecko) Chrome/105.0.5195.127 Safari/537.36 Edge/105.0.1343.33"
23.80.88.112 - - [05/May/2026:10:50:36 -0400] "GET /adventures/?q=ovzlqf HTTP/1.1" 404 - "https://www.bakermountainguides.com/adventures/" "Mozilla/5.0 (Windows NT 10.0; Win64; x64) AppleWebKit/537.36 (KHTML, like Gecko) Chrome/108.0.0.0 Safari/537.36"
157.90.10.15 - - [05/May/2026:10:50:44 -0400] "GET /adventures/?q=cbfkbq HTTP/1.1" 200 56558 "https://www.bakermountainguides.com/adventures/" "Mozilla/5.0 (Macintosh; Intel Mac OS X 10_14_6) AppleWebKit/537.36 (KHTML, like Gecko) Chrome/95.0.4638.69 Safari/537.36"
23.80.88.112 - - [05/May/2026:10:50:24 -0400] "GET /adventures/?q=clpvmm HTTP/1.1" 404 - "https://www.bakermountainguides.com/adventures/" "Mozilla/5.0 (Windows NT 6.1; Win64; x64) AppleWebKit/537.36 (KHTML, like Gecko) Chrome/102.0.5005.115 Safari/537.36 Edge/102.0.1245.39"
23.80.88.112 - - [05/May/2026:10:50:36 -0400] "GET /adventures/?q=oshvxh HTTP/1.1" 200 56558 "https://www.bakermountainguides.com/adventures/" "Mozilla/5.0 (Macintosh; Intel Mac OS X 10_15_6) AppleWebKit/537.36 (KHTML, like Gecko) Chrome/111.0.0.0 Safari/537.36"
112.211.71.93 - - [05/May/2026:10:50:29 -0400] "GET /adventures/?q=wbfvem HTTP/1.1" 200 56558 "https://www.bakermountainguides.com/adventures/" "Mozilla/5.0 (Windows NT 6.1; Win64; x64) AppleWebKit/537.36 (KHTML, like Gecko) Chrome/110.0.5481.104 Safari/537.36"
157.90.10.15 - - [05/May/2026:10:51:40 -0400] "GET /adventures/?q=jtaexk HTTP/1.1" 200 56558 "https://www.bakermountainguides.com/adventures/" "Mozilla/5.0 (Macintosh; Intel Mac OS X 10_15_6) AppleWebKit/537.36 (KHTML, like Gecko) Chrome/111.0.0.0 Safari/537.36"
23.80.88.112 - - [05/May/2026:10:50:45 -0400] "GET /adventures/?q=pkqzmv HTTP/1.1" 200 56558 "https://www.bakermountainguides.com/adventures/" "Mozilla/5.0 (Windows NT 6.1; Win64; x64) AppleWebKit/537.36 (KHTML, like Gecko) Chrome/110.0.5481.104 Safari/537.36"
23.80.88.112 - - [05/May/2026:10:50:25 -0400] "GET /adventures/?q=ajylxe HTTP/1.1" 404 - "https://www.bakermountainguides.com/adventures/" "Mozilla/5.0 (Macintosh; Intel Mac OS X 10_15_6) AppleWebKit/537.36 (KHTML, like Gecko) Chrome/111.0.0.0 Safari/537.36"
177.234.211.146 - - [05/May/2026:10:50:25 -0400] "GET /adventures/?q=btjshx HTTP/1.1" 404 - "https://www.bakermountainguides.com/adventures/" "Mozilla/5.0 (Macintosh; Intel Mac OS X 10_15_7) AppleWebKit/537.36 (KHTML, like Gecko) Chrome/109.0.0.0 Safari/537.36"
23.80.88.112 - - [05/May/2026:10:50:25 -0400] "GET /adventures/?q=wuunct HTTP/1.1" 404 - "https://www.bakermountainguides.com/adventures/" "Mozilla/5.0 (Macintosh; Intel Mac OS X 10_15_6) AppleWebKit/537.36 (KHTML, like Gecko) Chrome/111.0.0.0 Safari/537.36"
23.80.88.112 - - [05/May/2026:10:50:43 -0400] "GET /adventures/?q=slvnlh HTTP/1.1" 200 56558 "https://www.bakermountainguides.com/adventures/" "Mozilla/5.0 (Windows NT 6.1; Win64; x64; rv:91.0) Gecko/20100101 Firefox/91.0"
23.80.88.112 - - [05/May/2026:10:50:58 -0400] "GET /adventures/?q=kpzmwx HTTP/1.1" 200 56558 "https://www.bakermountainguides.com/adventures/" "Mozilla/5.0 (Windows NT 6.1; Win64; x64) AppleWebKit/537.36 (KHTML, like Gecko) Chrome/105.0.5195.127 Safari/537.36 Edge/105.0.1343.33"
168.194.0.249 - - [05/May/2026:10:50:26 -0400] "GET /adventures/?q=rziwtj HTTP/1.1" 404 - "https://www.bakermountainguides.com/adventures/" "Mozilla/5.0 (Windows NT 10.0; Win64; x64) AppleWebKit/537.36 (KHTML, like Gecko) Chrome/108.0.0.0 Safari/537.36"
157.90.10.15 - - [05/May/2026:10:50:45 -0400] "GET /adventures/?q=hnecqf HTTP/1.1" 200 56558 "https://www.bakermountainguides.com/adventures/" "Mozilla/5.0 (Windows NT 10.0; Win64; x64) AppleWebKit/537.36 (KHTML, like Gecko) Chrome/112.0.5615.121 Safari/537.36"
203.76.241.18 - - [05/May/2026:10:50:36 -0400] "GET /adventures/?q=ktfyau HTTP/1.1" 200 56558 "https://www.bakermountainguides.com/adventures/" "Mozilla/5.0 (Macintosh; Intel Mac OS X 10_15_7) AppleWebKit/537.36 (KHTML, like Gecko) Chrome/109.0.0.0 Safari/537.36"
23.80.88.112 - - [05/May/2026:10:50:42 -0400] "GET /adventures/?q=txspzm HTTP/1.1" 200 56558 "https://www.bakermountainguides.com/adventures/" "Mozilla/5.0 (Windows NT 10.0; Win64; x64) AppleWebKit/537.36 (KHTML, like Gecko) Chrome/104.0.5112.101 Safari/537.36 Edge/104.0.1293.70"
23.80.88.112 - - [05/May/2026:10:50:44 -0400] "GET /adventures/?q=gojoqs HTTP/1.1" 200 56558 "https://www.bakermountainguides.com/adventures/" "Mozilla/5.0 (Windows NT 10.0; Win64; x64; rv:75.0) Gecko/20100101 Firefox/75.0"
103.147.118.142 - - [05/May/2026:10:50:44 -0400] "GET /adventures/?q=awkrpy HTTP/1.1" 200 56558 "https://www.bakermountainguides.com/adventures/" "Mozilla/5.0 (Macintosh; Intel Mac OS X 10_15_7) AppleWebKit/537.36 (KHTML, like Gecko) Chrome/121.0.0.0 Safari/537.36"
23.80.88.112 - - [05/May/2026:10:50:39 -0400] "GET /adventures/?q=mmhokh HTTP/1.1" 200 56558 "https://www.bakermountainguides.com/adventures/" "Mozilla/5.0 (Windows NT 6.1; Win64; x64) AppleWebKit/537.36 (KHTML, like Gecko) Chrome/105.0.5195.127 Safari/537.36 Edge/105.0.1343.33"
23.80.88.112 - - [05/May/2026:10:50:36 -0400] "GET /adventures/?q=nwdcbb HTTP/1.1" 404 - "https://www.bakermountainguides.com/adventures/" "Mozilla/5.0 (X11; Linux x86_64) AppleWebKit/537.36 (KHTML, like Gecko) Chrome/120.0.0.0 Safari/537.36"
23.80.88.112 - - [05/May/2026:10:50:40 -0400] "GET /adventures/?q=amwqqy HTTP/1.1" 200 56558 "https://www.bakermountainguides.com/adventures/" "Mozilla/5.0 (Windows NT 10.0; Win64; x64) AppleWebKit/537.36 (KHTML, like Gecko) Chrome/104.0.5112.101 Safari/537.36 Edge/104.0.1293.70"
23.80.88.112 - - [05/May/2026:10:50:25 -0400] "GET /adventures/?q=xmhreo HTTP/1.1" 404 - "https://www.bakermountainguides.com/adventures/" "Mozilla/5.0 (Windows NT 6.1; Win64; x64) AppleWebKit/537.36 (KHTML, like Gecko) Chrome/102.0.5005.115 Safari/537.36 Edge/102.0.1245.39"
23.80.88.112 - - [05/May/2026:10:50:44 -0400] "GET /adventures/?q=xdmmyk HTTP/1.1" 404 - "https://www.bakermountainguides.com/adventures/" "Mozilla/5.0 (Windows NT 10.0; Win64; x64) AppleWebKit/537.36 (KHTML, like Gecko) Chrome/122.0.0.0 Safari/537.36"
23.80.88.112 - - [05/May/2026:10:50:44 -0400] "GET /adventures/?q=ckdcyp HTTP/1.1" 200 56558 "https://www.bakermountainguides.com/adventures/" "Mozilla/5.0 (Macintosh; Intel Mac OS X 10_15_7) AppleWebKit/537.36 (KHTML, like Gecko) Chrome/109.0.0.0 Safari/537.36"
23.80.88.112 - - [05/May/2026:10:50:27 -0400] "GET /adventures/?q=vkpsmh HTTP/1.1" 404 - "https://www.bakermountainguides.com/adventures/" "Mozilla/5.0 (Windows NT 6.1; WOW64; rv:99.0) Gecko/20100101 Firefox/99.0"
219.93.178.109 - - [05/May/2026:10:50:34 -0400] "GET /adventures/?q=okwcjd HTTP/1.1" 404 - "https://www.bakermountainguides.com/adventures/" "Mozilla/5.0 (Windows NT 6.1; WOW64; rv:92.0) Gecko/20100101 Firefox/92.0"
23.80.88.112 - - [05/May/2026:10:50:37 -0400] "GET /adventures/?q=jyskrz HTTP/1.1" 200 56558 "https://www.bakermountainguides.com/adventures/" "Mozilla/5.0 (Windows NT 6.1; Win64; x64) AppleWebKit/537.36 (KHTML, like Gecko) Chrome/110.0.5481.104 Safari/537.36"
23.80.88.112 - - [05/May/2026:10:50:27 -0400] "GET /adventures/?q=xcgice HTTP/1.1" 404 - "https://www.bakermountainguides.com/adventures/" "Mozilla/5.0 (Windows NT 6.1; Win64; x64) AppleWebKit/537.36 (KHTML, like Gecko) Chrome/102.0.5005.115 Safari/537.36 Edge/102.0.1245.39"
157.90.10.15 - - [05/May/2026:10:50:46 -0400] "GET /adventures/?q=urkzwr HTTP/1.1" 200 56558 "https://www.bakermountainguides.com/adventures/" "Mozilla/5.0 (X11; Linux x86_64) AppleWebKit/537.36 (KHTML, like Gecko) Chrome/120.0.0.0 Safari/537.36"
23.80.88.112 - - [05/May/2026:10:50:27 -0400] "GET /adventures/?q=upocaq HTTP/1.1" 404 - "https://www.bakermountainguides.com/adventures/" "Mozilla/5.0 (Macintosh; Intel Mac OS X 10_15_7) AppleWebKit/537.36 (KHTML, like Gecko) Chrome/121.0.0.0 Safari/537.36"
23.80.88.112 - - [05/May/2026:10:50:28 -0400] "GET /adventures/?q=psphtz HTTP/1.1" 404 - "https://www.bakermountainguides.com/adventures/" "Mozilla/5.0 (Windows NT 6.1; Win64; x64) AppleWebKit/537.36 (KHTML, like Gecko) Chrome/110.0.5481.104 Safari/537.36"
157.90.10.15 - - [05/May/2026:10:51:27 -0400] "GET /adventures/?q=qxaeeq HTTP/1.1" 200 56558 "https://www.bakermountainguides.com/adventures/" "Mozilla/5.0 (Macintosh; Intel Mac OS X 10_14_6) AppleWebKit/537.36 (KHTML, like Gecko) Chrome/95.0.4638.69 Safari/537.36"
157.90.10.15 - - [05/May/2026:10:50:28 -0400] "GET /adventures/?q=fongfn HTTP/1.1" 404 - "https://www.bakermountainguides.com/adventures/" "Mozilla/5.0 (Windows NT 10.0; Win64; x64) AppleWebKit/537.36 (KHTML, like Gecko) Chrome/122.0.0.0 Safari/537.36"
190.119.132.58 - - [05/May/2026:10:50:56 -0400] "GET /adventures/?q=gcuwca HTTP/1.1" 200 56558 "https://www.bakermountainguides.com/adventures/" "Mozilla/5.0 (Macintosh; Intel Mac OS X 10_14_6) AppleWebKit/537.36 (KHTML, like Gecko) Chrome/95.0.4638.69 Safari/537.36"
23.80.88.112 - - [05/May/2026:10:50:29 -0400] "GET /adventures/?q=kapuap HTTP/1.1" 404 - "https://www.bakermountainguides.com/adventures/" "Mozilla/5.0 (Windows NT 6.1; WOW64; rv:92.0) Gecko/20100101 Firefox/92.0"
97.74.87.226 - - [05/May/2026:10:50:29 -0400] "GET /adventures/?q=duocmh HTTP/1.1" 404 - "https://www.bakermountainguides.com/adventures/" "Mozilla/5.0 (Windows NT 6.3; Win64; x64) AppleWebKit/537.36 (KHTML, like Gecko) Chrome/91.0.4472.124 Safari/537.36 Edge/91.0.864.59"
23.80.88.112 - - [05/May/2026:10:50:29 -0400] "GET /adventures/?q=mnvaud HTTP/1.1" 404 - "https://www.bakermountainguides.com/adventures/" "Mozilla/5.0 (Windows NT 6.1; Win64; x64; rv:91.0) Gecko/20100101 Firefox/91.0"
23.80.88.112 - - [05/May/2026:10:50:33 -0400] "GET /adventures/?q=txbvlh HTTP/1.1" 200 56558 "https://www.bakermountainguides.com/adventures/" "Mozilla/5.0 (Windows NT 6.1; Win64; x64) AppleWebKit/537.36 (KHTML, like Gecko) Chrome/110.0.5481.104 Safari/537.36"
103.162.63.153 - - [05/May/2026:10:50:28 -0400] "GET /adventures/?q=oilape HTTP/1.1" 404 - "https://www.bakermountainguides.com/adventures/" "Mozilla/5.0 (Linux; Android 12; SM-G998B) AppleWebKit/537.36 (KHTML, like Gecko) Chrome/101.0.4951.41 Mobile Safari/537.36"
183.110.216.129 - - [05/May/2026:10:50:28 -0400] "GET /adventures/?q=zjmngl HTTP/1.1" 404 - "https://www.bakermountainguides.com/adventures/" "Mozilla/5.0 (Windows NT 6.1; WOW64; rv:99.0) Gecko/20100101 Firefox/99.0"
23.80.88.112 - - [05/May/2026:10:50:29 -0400] "GET /adventures/?q=bxxsqk HTTP/1.1" 404 - "https://www.bakermountainguides.com/adventures/" "Mozilla/5.0 (Windows NT 6.1; Win64; x64; rv:91.0) Gecko/20100101 Firefox/91.0"
23.80.88.112 - - [05/May/2026:10:51:33 -0400] "GET /adventures/?q=aobbcw HTTP/1.1" 200 56558 "https://www.bakermountainguides.com/adventures/" "Mozilla/5.0 (Macintosh; Intel Mac OS X 10_15_6) AppleWebKit/537.36 (KHTML, like Gecko) Chrome/111.0.0.0 Safari/537.36"
190.119.132.58 - - [05/May/2026:10:50:44 -0400] "GET /adventures/?q=nmvsyy HTTP/1.1" 200 56558 "https://www.bakermountainguides.com/adventures/" "Mozilla/5.0 (Windows NT 10.0; Win64; x64) AppleWebKit/537.36 (KHTML, like Gecko) Chrome/112.0.5615.121 Safari/537.36"
23.80.88.112 - - [05/May/2026:10:50:35 -0400] "GET /adventures/?q=tjqbve HTTP/1.1" 200 56558 "https://www.bakermountainguides.com/adventures/" "Mozilla/5.0 (Windows NT 6.3; Win64; x64) AppleWebKit/537.36 (KHTML, like Gecko) Chrome/91.0.4472.124 Safari/537.36 Edge/91.0.864.59"
157.90.10.15 - - [05/May/2026:10:50:29 -0400] "GET /adventures/?q=qfwjze HTTP/1.1" 404 - "https://www.bakermountainguides.com/adventures/" "Mozilla/5.0 (Windows NT 6.1; Win64; x64; rv:91.0) Gecko/20100101 Firefox/91.0"
23.80.88.112 - - [05/May/2026:10:50:29 -0400] "GET /adventures/?q=oxuurf HTTP/1.1" 404 - "https://www.bakermountainguides.com/adventures/" "Mozilla/5.0 (X11; Linux x86_64) AppleWebKit/537.36 (KHTML, like Gecko) Chrome/120.0.0.0 Safari/537.36"
219.93.178.109 - - [05/May/2026:10:50:28 -0400] "GET /adventures/?q=fgufbv HTTP/1.1" 404 - "https://www.bakermountainguides.com/adventures/" "Mozilla/5.0 (Windows NT 6.1; WOW64; rv:92.0) Gecko/20100101 Firefox/92.0"
23.80.88.112 - - [05/May/2026:10:50:29 -0400] "GET /adventures/?q=wwybtb HTTP/1.1" 404 - "https://www.bakermountainguides.com/adventures/" "Mozilla/5.0 (Windows NT 10.0; Win64; x64) AppleWebKit/537.36 (KHTML, like Gecko) Chrome/90.0.4430.212 Safari/537.36 Edge/90.0.818.66"
160.22.215.254 - - [05/May/2026:10:50:29 -0400] "GET /adventures/?q=wyrpfg HTTP/1.1" 404 - "https://www.bakermountainguides.com/adventures/" "Mozilla/5.0 (Windows NT 10.0; Win64; x64) AppleWebKit/537.36 (KHTML, like Gecko) Chrome/104.0.5112.101 Safari/537.36 Edge/104.0.1293.70"
103.192.174.154 - - [05/May/2026:10:50:42 -0400] "GET /adventures/?q=dwuiza HTTP/1.1" 404 - "https://www.bakermountainguides.com/adventures/" "Mozilla/5.0 (Windows NT 6.1; WOW64; rv:99.0) Gecko/20100101 Firefox/99.0"
23.80.88.112 - - [05/May/2026:10:50:42 -0400] "GET /adventures/?q=yssvti HTTP/1.1" 200 56558 "https://www.bakermountainguides.com/adventures/" "Mozilla/5.0 (Windows NT 6.1; WOW64; rv:99.0) Gecko/20100101 Firefox/99.0"
23.80.88.112 - - [05/May/2026:10:50:31 -0400] "GET /adventures/?q=gtfrae HTTP/1.1" 404 - "https://www.bakermountainguides.com/adventures/" "Mozilla/5.0 (Windows NT 6.1; WOW64; rv:92.0) Gecko/20100101 Firefox/92.0"
103.157.79.94 - - [05/May/2026:10:50:41 -0400] "GET /adventures/?q=vgqhgr HTTP/1.1" 404 - "https://www.bakermountainguides.com/adventures/" "Mozilla/5.0 (Windows NT 10.0; Win64; x64; rv:62.0) Gecko/20100101 Firefox/62.0"
23.80.88.112 - - [05/May/2026:10:50:35 -0400] "GET /adventures/?q=imdqvz HTTP/1.1" 200 56558 "https://www.bakermountainguides.com/adventures/" "Mozilla/5.0 (Windows NT 10.0; Win64; x64) AppleWebKit/537.36 (KHTML, like Gecko) Chrome/104.0.5112.101 Safari/537.36 Edge/104.0.1293.70"
23.80.88.112 - - [05/May/2026:10:50:32 -0400] "GET /adventures/?q=fmrfut HTTP/1.1" 404 - "https://www.bakermountainguides.com/adventures/" "Mozilla/5.0 (Macintosh; Intel Mac OS X 10_15_7) AppleWebKit/537.36 (KHTML, like Gecko) Chrome/109.0.0.0 Safari/537.36"
157.90.10.15 - - [05/May/2026:10:51:46 -0400] "GET /adventures/?q=nkfojr HTTP/1.1" 200 56558 "https://www.bakermountainguides.com/adventures/" "Mozilla/5.0 (Linux; Android 12; SM-G998B) AppleWebKit/537.36 (KHTML, like Gecko) Chrome/101.0.4951.41 Mobile Safari/537.36"
23.80.88.112 - - [05/May/2026:10:50:40 -0400] "GET /adventures/?q=pdhopn HTTP/1.1" 200 56558 "https://www.bakermountainguides.com/adventures/" "Mozilla/5.0 (Macintosh; Intel Mac OS X 10_15_6) AppleWebKit/537.36 (KHTML, like Gecko) Chrome/111.0.0.0 Safari/537.36"
23.80.88.112 - - [05/May/2026:10:51:27 -0400] "GET /adventures/?q=xvcqyt HTTP/1.1" 200 56558 "https://www.bakermountainguides.com/adventures/" "Mozilla/5.0 (Windows NT 6.1; Win64; x64) AppleWebKit/537.36 (KHTML, like Gecko) Chrome/102.0.5005.115 Safari/537.36 Edge/102.0.1245.39"
23.80.88.112 - - [05/May/2026:10:50:31 -0400] "GET /adventures/?q=ofvdzr HTTP/1.1" 404 - "https://www.bakermountainguides.com/adventures/" "Mozilla/5.0 (Windows NT 10.0; Win64; x64) AppleWebKit/537.36 (KHTML, like Gecko) Chrome/122.0.0.0 Safari/537.36"
23.80.88.112 - - [05/May/2026:10:50:32 -0400] "GET /adventures/?q=ibzcgx HTTP/1.1" 404 - "https://www.bakermountainguides.com/adventures/" "Mozilla/5.0 (Windows NT 10.0; Win64; x64) AppleWebKit/537.36 (KHTML, like Gecko) Chrome/90.0.4430.212 Safari/537.36 Edge/90.0.818.66"
23.80.88.112 - - [05/May/2026:10:50:32 -0400] "GET /adventures/?q=mftxzg HTTP/1.1" 404 - "https://www.bakermountainguides.com/adventures/" "Mozilla/5.0 (Windows NT 10.0; Win64; x64) AppleWebKit/537.36 (KHTML, like Gecko) Chrome/108.0.0.0 Safari/537.36"
23.80.88.112 - - [05/May/2026:10:50:32 -0400] "GET /adventures/?q=yusons HTTP/1.1" 404 - "https://www.bakermountainguides.com/adventures/" "Mozilla/5.0 (Windows NT 10.0; Win64; x64; rv:62.0) Gecko/20100101 Firefox/62.0"
23.80.88.112 - - [05/May/2026:10:50:32 -0400] "GET /adventures/?q=phyrex HTTP/1.1" 404 - "https://www.bakermountainguides.com/adventures/" "Mozilla/5.0 (Windows NT 10.0; Win64; x64; rv:62.0) Gecko/20100101 Firefox/62.0"
23.80.88.112 - - [05/May/2026:10:50:33 -0400] "GET /adventures/?q=vgwzkc HTTP/1.1" 404 - "https://www.bakermountainguides.com/adventures/" "Mozilla/5.0 (Windows NT 10.0; Win64; x64) AppleWebKit/537.36 (KHTML, like Gecko) Chrome/104.0.5112.101 Safari/537.36 Edge/104.0.1293.70"
23.80.88.112 - - [05/May/2026:10:50:34 -0400] "GET /adventures/?q=tdsedt HTTP/1.1" 404 - "https://www.bakermountainguides.com/adventures/" "Mozilla/5.0 (Windows NT 6.1; Win64; x64) AppleWebKit/537.36 (KHTML, like Gecko) Chrome/105.0.5195.127 Safari/537.36 Edge/105.0.1343.33"
23.80.88.112 - - [05/May/2026:10:50:33 -0400] "GET /adventures/?q=orxyym HTTP/1.1" 404 - "https://www.bakermountainguides.com/adventures/" "Mozilla/5.0 (Windows NT 10.0; Win64; x64; rv:75.0) Gecko/20100101 Firefox/75.0"
23.80.88.112 - - [05/May/2026:10:50:33 -0400] "GET /adventures/?q=ecstcd HTTP/1.1" 404 - "https://www.bakermountainguides.com/adventures/" "Mozilla/5.0 (Windows NT 10.0; Win64; x64) AppleWebKit/537.36 (KHTML, like Gecko) Chrome/90.0.4430.212 Safari/537.36 Edge/90.0.818.66"
23.80.88.112 - - [05/May/2026:10:50:34 -0400] "GET /adventures/?q=ncwbbd HTTP/1.1" 404 - "https://www.bakermountainguides.com/adventures/" "Mozilla/5.0 (Windows NT 10.0; Win64; x64) AppleWebKit/537.36 (KHTML, like Gecko) Chrome/122.0.0.0 Safari/537.36"
193.43.159.200 - - [05/May/2026:10:50:34 -0400] "GET /adventures/ HTTP/1.1" 404 - "https://www.bakermountainguides.com/adventures/" "Mozilla/5.0 (Windows NT 6.1; WOW64; rv:92.0) Gecko/20100101 Firefox/92.0"
23.80.88.112 - - [05/May/2026:10:50:36 -0400] "GET /adventures/?q=cpkmod HTTP/1.1" 404 - "https://www.bakermountainguides.com/adventures/" "Mozilla/5.0 (Windows NT 6.1; WOW64; rv:92.0) Gecko/20100101 Firefox/92.0"
23.80.88.112 - - [05/May/2026:10:50:35 -0400] "GET /adventures/?q=uxrdxm HTTP/1.1" 404 - "https://www.bakermountainguides.com/adventures/" "Mozilla/5.0 (X11; Linux x86_64) AppleWebKit/537.36 (KHTML, like Gecko) Chrome/120.0.0.0 Safari/537.36"
157.90.10.15 - - [05/May/2026:10:50:35 -0400] "GET /adventures/?q=nkolli HTTP/1.1" 404 - "https://www.bakermountainguides.com/adventures/" "Mozilla/5.0 (Windows NT 10.0; Win64; x64) AppleWebKit/537.36 (KHTML, like Gecko) Chrome/122.0.0.0 Safari/537.36"
23.80.88.112 - - [05/May/2026:10:50:35 -0400] "GET /adventures/?q=qvuzpb HTTP/1.1" 404 - "https://www.bakermountainguides.com/adventures/" "Mozilla/5.0 (Macintosh; Intel Mac OS X 10_14_6) AppleWebKit/537.36 (KHTML, like Gecko) Chrome/95.0.4638.69 Safari/537.36"
23.80.88.112 - - [05/May/2026:10:50:37 -0400] "GET /adventures/?q=daxwgv HTTP/1.1" 404 - "https://www.bakermountainguides.com/adventures/" "Mozilla/5.0 (Windows NT 6.1; WOW64; rv:99.0) Gecko/20100101 Firefox/99.0"
23.80.88.112 - - [05/May/2026:10:50:36 -0400] "GET /adventures/?q=kcrtgu HTTP/1.1" 404 - "https://www.bakermountainguides.com/adventures/" "Mozilla/5.0 (Windows NT 6.1; Win64; x64; rv:91.0) Gecko/20100101 Firefox/91.0"
187.84.176.20 - - [05/May/2026:10:50:37 -0400] "GET /adventures/?q=vcujnb HTTP/1.1" 404 - "https://www.bakermountainguides.com/adventures/" "Mozilla/5.0 (Windows NT 10.0; Win64; x64) AppleWebKit/537.36 (KHTML, like Gecko) Chrome/90.0.4430.212 Safari/537.36 Edge/90.0.818.66"
157.90.10.15 - - [05/May/2026:10:50:38 -0400] "GET /adventures/?q=pfhiaf HTTP/1.1" 404 - "https://www.bakermountainguides.com/adventures/" "Mozilla/5.0 (Windows NT 6.1; WOW64; rv:92.0) Gecko/20100101 Firefox/92.0"
23.80.88.112 - - [05/May/2026:10:50:37 -0400] "GET /adventures/?q=vseapr HTTP/1.1" 404 - "https://www.bakermountainguides.com/adventures/" "Mozilla/5.0 (Windows NT 10.0; Win64; x64) AppleWebKit/537.36 (KHTML, like Gecko) Chrome/104.0.5112.101 Safari/537.36 Edge/104.0.1293.70"
23.80.88.112 - - [05/May/2026:10:50:38 -0400] "GET /adventures/?q=rirzrh HTTP/1.1" 404 - "https://www.bakermountainguides.com/adventures/" "Mozilla/5.0 (Macintosh; Intel Mac OS X 10_14_6) AppleWebKit/537.36 (KHTML, like Gecko) Chrome/95.0.4638.69 Safari/537.36"
23.80.88.112 - - [05/May/2026:10:50:38 -0400] "GET /adventures/?q=pnagku HTTP/1.1" 404 - "https://www.bakermountainguides.com/adventures/" "Mozilla/5.0 (Windows NT 10.0; Win64; x64) AppleWebKit/537.36 (KHTML, like Gecko) Chrome/112.0.5615.121 Safari/537.36"
190.119.132.58 - - [05/May/2026:10:50:37 -0400] "GET /adventures/?q=xodcpg HTTP/1.1" 404 - "https://www.bakermountainguides.com/adventures/" "Mozilla/5.0 (X11; Linux x86_64) AppleWebKit/537.36 (KHTML, like Gecko) Chrome/120.0.0.0 Safari/537.36"
109.236.88.82 - - [05/May/2026:10:50:38 -0400] "GET /adventures/?q=ppgozy HTTP/1.1" 404 - "https://www.bakermountainguides.com/adventures/" "Mozilla/5.0 (Windows NT 6.1; Win64; x64) AppleWebKit/537.36 (KHTML, like Gecko) Chrome/105.0.5195.127 Safari/537.36 Edge/105.0.1343.33"
216.244.66.233 - - [05/May/2026:10:50:38 -0400] "GET /wp-includes/class-wp-comment-query.php.sorry HTTP/1.1" 404 - "-" "Mozilla/5.0 (compatible; DotBot/1.2; +https://opensiteexplorer.org/dotbot; [email protected])"
23.80.88.112 - - [05/May/2026:10:50:38 -0400] "GET /adventures/?q=zugftl HTTP/1.1" 404 - "https://www.bakermountainguides.com/adventures/" "Mozilla/5.0 (Macintosh; Intel Mac OS X 10_15_7) AppleWebKit/537.36 (KHTML, like Gecko) Chrome/121.0.0.0 Safari/537.36"
23.80.88.112 - - [05/May/2026:10:50:38 -0400] "GET /adventures/?q=wydmdp HTTP/1.1" 404 - "https://www.bakermountainguides.com/adventures/" "Mozilla/5.0 (Windows NT 10.0; Win64; x64; rv:75.0) Gecko/20100101 Firefox/75.0"
23.80.88.112 - - [05/May/2026:10:50:38 -0400] "GET /adventures/?q=czlgrz HTTP/1.1" 404 - "https://www.bakermountainguides.com/adventures/" "Mozilla/5.0 (Windows NT 10.0; Win64; x64) AppleWebKit/537.36 (KHTML, like Gecko) Chrome/104.0.5112.101 Safari/537.36 Edge/104.0.1293.70"
23.80.88.112 - - [05/May/2026:10:50:39 -0400] "GET /adventures/?q=byartb HTTP/1.1" 404 - "https://www.bakermountainguides.com/adventures/" "Mozilla/5.0 (Windows NT 6.1; WOW64; rv:92.0) Gecko/20100101 Firefox/92.0"
157.90.10.15 - - [05/May/2026:10:50:39 -0400] "GET /adventures/?q=chewjp HTTP/1.1" 404 - "https://www.bakermountainguides.com/adventures/" "Mozilla/5.0 (Macintosh; Intel Mac OS X 10_15_6) AppleWebKit/537.36 (KHTML, like Gecko) Chrome/111.0.0.0 Safari/537.36"
23.80.88.112 - - [05/May/2026:10:50:39 -0400] "GET /adventures/?q=bazbpj HTTP/1.1" 404 - "https://www.bakermountainguides.com/adventures/" "Mozilla/5.0 (Macintosh; Intel Mac OS X 10_15_6) AppleWebKit/537.36 (KHTML, like Gecko) Chrome/111.0.0.0 Safari/537.36"
179.189.120.147 - - [05/May/2026:10:50:39 -0400] "GET /adventures/?q=iieyfi HTTP/1.1" 404 - "https://www.bakermountainguides.com/adventures/" "Mozilla/5.0 (Macintosh; Intel Mac OS X 10_15_7) AppleWebKit/537.36 (KHTML, like Gecko) Chrome/113.0.5672.126 Safari/537.36"
157.90.10.15 - - [05/May/2026:10:50:39 -0400] "GET /adventures/?q=trnqdo HTTP/1.1" 404 - "https://www.bakermountainguides.com/adventures/" "Mozilla/5.0 (Windows NT 6.1; WOW64; rv:92.0) Gecko/20100101 Firefox/92.0"
104.28.240.123 - - [05/May/2026:10:50:40 -0400] "GET /adventures/?q=ftgscg HTTP/1.1" 404 - "https://www.bakermountainguides.com/adventures/" "Mozilla/5.0 (Windows NT 6.1; WOW64; rv:99.0) Gecko/20100101 Firefox/99.0"
23.80.88.112 - - [05/May/2026:10:50:42 -0400] "GET /adventures/?q=zipdeu HTTP/1.1" 404 - "https://www.bakermountainguides.com/adventures/" "Mozilla/5.0 (Macintosh; Intel Mac OS X 10_14_6) AppleWebKit/537.36 (KHTML, like Gecko) Chrome/95.0.4638.69 Safari/537.36"
183.110.216.129 - - [05/May/2026:10:50:41 -0400] "GET /adventures/?q=ynnqhm HTTP/1.1" 404 - "https://www.bakermountainguides.com/adventures/" "Mozilla/5.0 (Windows NT 6.1; Win64; x64; rv:91.0) Gecko/20100101 Firefox/91.0"
23.80.88.112 - - [05/May/2026:10:50:42 -0400] "GET /adventures/?q=egaoyj HTTP/1.1" 404 - "https://www.bakermountainguides.com/adventures/" "Mozilla/5.0 (Windows NT 10.0; Win64; x64) AppleWebKit/537.36 (KHTML, like Gecko) Chrome/122.0.0.0 Safari/537.36"
183.110.216.129 - - [05/May/2026:10:50:41 -0400] "GET /adventures/?q=laxwtz HTTP/1.1" 404 - "https://www.bakermountainguides.com/adventures/" "Mozilla/5.0 (Windows NT 6.1; WOW64; rv:92.0) Gecko/20100101 Firefox/92.0"
23.80.88.112 - - [05/May/2026:10:50:43 -0400] "GET /adventures/?q=wiekom HTTP/1.1" 404 - "https://www.bakermountainguides.com/adventures/" "Mozilla/5.0 (Windows NT 6.1; Win64; x64; rv:91.0) Gecko/20100101 Firefox/91.0"
41.220.17.62 - - [05/May/2026:10:50:41 -0400] "GET /adventures/?q=roreoy HTTP/1.1" 404 - "https://www.bakermountainguides.com/adventures/" "Mozilla/5.0 (Macintosh; Intel Mac OS X 10_15_7) AppleWebKit/537.36 (KHTML, like Gecko) Chrome/121.0.0.0 Safari/537.36"
23.80.88.112 - - [05/May/2026:10:50:42 -0400] "GET /adventures/?q=dbkvdo HTTP/1.1" 404 - "https://www.bakermountainguides.com/adventures/" "Mozilla/5.0 (Windows NT 10.0; Win64; x64) AppleWebKit/537.36 (KHTML, like Gecko) Chrome/104.0.5112.101 Safari/537.36 Edge/104.0.1293.70"
23.80.88.112 - - [05/May/2026:10:50:43 -0400] "GET /adventures/?q=zohygb HTTP/1.1" 404 - "https://www.bakermountainguides.com/adventures/" "Mozilla/5.0 (Macintosh; Intel Mac OS X 10_15_7) AppleWebKit/537.36 (KHTML, like Gecko) Chrome/121.0.0.0 Safari/537.36"
89.237.34.174 - - [05/May/2026:10:50:42 -0400] "GET /adventures/?q=kanhte HTTP/1.1" 404 - "https://www.bakermountainguides.com/adventures/" "Mozilla/5.0 (Windows NT 6.1; Win64; x64) AppleWebKit/537.36 (KHTML, like Gecko) Chrome/105.0.5195.127 Safari/537.36 Edge/105.0.1343.33"
23.80.88.112 - - [05/May/2026:10:50:43 -0400] "GET /adventures/?q=vwmort HTTP/1.1" 404 - "https://www.bakermountainguides.com/adventures/" "Mozilla/5.0 (Windows NT 6.1; WOW64; rv:92.0) Gecko/20100101 Firefox/92.0"
23.80.88.112 - - [05/May/2026:10:50:43 -0400] "GET /adventures/?q=uqqtog HTTP/1.1" 404 - "https://www.bakermountainguides.com/adventures/" "Mozilla/5.0 (Macintosh; Intel Mac OS X 10_15_7) AppleWebKit/537.36 (KHTML, like Gecko) Chrome/113.0.5672.126 Safari/537.36"
209.14.118.116 - - [05/May/2026:10:50:43 -0400] "GET /adventures/?q=ycphra HTTP/1.1" 404 - "https://www.bakermountainguides.com/adventures/" "Mozilla/5.0 (Macintosh; Intel Mac OS X 10_15_7) AppleWebKit/537.36 (KHTML, like Gecko) Chrome/109.0.0.0 Safari/537.36"
190.119.132.58 - - [05/May/2026:10:50:44 -0400] "GET /adventures/?q=wxkejj HTTP/1.1" 404 - "https://www.bakermountainguides.com/adventures/" "Mozilla/5.0 (Windows NT 10.0; Win64; x64) AppleWebKit/537.36 (KHTML, like Gecko) Chrome/108.0.0.0 Safari/537.36"
23.80.88.112 - - [05/May/2026:10:50:44 -0400] "GET /adventures/?q=pfqwrr HTTP/1.1" 404 - "https://www.bakermountainguides.com/adventures/" "Mozilla/5.0 (Windows NT 6.1; WOW64; rv:99.0) Gecko/20100101 Firefox/99.0"
43.228.92.6 - - [05/May/2026:10:50:44 -0400] "GET /adventures/?q=pmamns HTTP/1.1" 404 - "https://www.bakermountainguides.com/adventures/" "Mozilla/5.0 (Windows NT 10.0; Win64; x64) AppleWebKit/537.36 (KHTML, like Gecko) Chrome/122.0.0.0 Safari/537.36"
23.80.88.112 - - [05/May/2026:10:50:43 -0400] "GET /adventures/?q=xegrrm HTTP/1.1" 404 - "https://www.bakermountainguides.com/adventures/" "Mozilla/5.0 (X11; Linux x86_64) AppleWebKit/537.36 (KHTML, like Gecko) Chrome/120.0.0.0 Safari/537.36"
157.90.10.15 - - [05/May/2026:10:50:44 -0400] "GET /adventures/?q=ilgboj HTTP/1.1" 404 - "https://www.bakermountainguides.com/adventures/" "Mozilla/5.0 (Windows NT 6.1; WOW64; rv:92.0) Gecko/20100101 Firefox/92.0"
103.14.2.89 - - [05/May/2026:10:50:43 -0400] "GET /adventures/?q=bmoiwf HTTP/1.1" 404 - "https://www.bakermountainguides.com/adventures/" "Mozilla/5.0 (Windows NT 6.1; WOW64; rv:99.0) Gecko/20100101 Firefox/99.0"
157.90.10.15 - - [05/May/2026:10:50:45 -0400] "GET /adventures/?q=fongfn HTTP/1.1" 404 - "https://www.bakermountainguides.com/adventures/" "Mozilla/5.0 (Windows NT 10.0; Win64; x64) AppleWebKit/537.36 (KHTML, like Gecko) Chrome/122.0.0.0 Safari/537.36"
177.73.155.246 - - [05/May/2026:10:50:44 -0400] "GET /adventures/?q=znoqnl HTTP/1.1" 404 - "https://www.bakermountainguides.com/adventures/" "Mozilla/5.0 (Windows NT 10.0; Win64; x64; rv:75.0) Gecko/20100101 Firefox/75.0"
23.80.88.112 - - [05/May/2026:10:50:44 -0400] "GET /adventures/?q=pfobgg HTTP/1.1" 404 - "https://www.bakermountainguides.com/adventures/" "Mozilla/5.0 (Windows NT 10.0; Win64; x64) AppleWebKit/537.36 (KHTML, like Gecko) Chrome/104.0.5112.101 Safari/537.36 Edge/104.0.1293.70"
23.80.88.112 - - [05/May/2026:10:50:45 -0400] "GET /adventures/?q=ococpv HTTP/1.1" 404 - "https://www.bakermountainguides.com/adventures/" "Mozilla/5.0 (X11; Linux x86_64) AppleWebKit/537.36 (KHTML, like Gecko) Chrome/120.0.0.0 Safari/537.36"
157.90.10.15 - - [05/May/2026:10:50:45 -0400] "GET /adventures/?q=vxirpz HTTP/1.1" 404 - "https://www.bakermountainguides.com/adventures/" "Mozilla/5.0 (X11; Linux x86_64) AppleWebKit/537.36 (KHTML, like Gecko) Chrome/120.0.0.0 Safari/537.36"
157.90.10.15 - - [05/May/2026:10:50:46 -0400] "GET /adventures/?q=dxuzei HTTP/1.1" 404 - "https://www.bakermountainguides.com/adventures/" "Mozilla/5.0 (Windows NT 10.0; Win64; x64) AppleWebKit/537.36 (KHTML, like Gecko) Chrome/90.0.4430.212 Safari/537.36 Edge/90.0.818.66"
157.90.10.15 - - [05/May/2026:10:50:47 -0400] "GET /adventures/?q=xspwks HTTP/1.1" 404 - "https://www.bakermountainguides.com/adventures/" "Mozilla/5.0 (Windows NT 6.1; Win64; x64) AppleWebKit/537.36 (KHTML, like Gecko) Chrome/105.0.5195.127 Safari/537.36 Edge/105.0.1343.33"
23.80.88.112 - - [05/May/2026:10:50:49 -0400] "GET /adventures/?q=zsejez HTTP/1.1" 404 - "https://www.bakermountainguides.com/adventures/" "Mozilla/5.0 (Windows NT 10.0; Win64; x64) AppleWebKit/537.36 (KHTML, like Gecko) Chrome/90.0.4430.212 Safari/537.36 Edge/90.0.818.66"
43.245.131.219 - - [05/May/2026:10:50:56 -0400] "GET /adventures/?q=snhpmn HTTP/1.1" 404 - "https://www.bakermountainguides.com/adventures/" "Mozilla/5.0 (X11; Linux x86_64) AppleWebKit/537.36 (KHTML, like Gecko) Chrome/120.0.0.0 Safari/537.36"
23.80.88.112 - - [05/May/2026:10:50:57 -0400] "GET /adventures/?q=xlcwri HTTP/1.1" 404 - "https://www.bakermountainguides.com/adventures/" "Mozilla/5.0 (Macintosh; Intel Mac OS X 10_15_7) AppleWebKit/537.36 (KHTML, like Gecko) Chrome/109.0.0.0 Safari/537.36"
157.90.10.15 - - [05/May/2026:10:52:26 -0400] "GET /adventures/?q=wkppgh HTTP/1.1" 200 56558 "https://www.bakermountainguides.com/adventures/" "Mozilla/5.0 (Windows NT 6.3; Win64; x64) AppleWebKit/537.36 (KHTML, like Gecko) Chrome/91.0.4472.124 Safari/537.36 Edge/91.0.864.59"
103.125.31.222 - - [05/May/2026:10:52:26 -0400] "GET /adventures/?q=xvpnam HTTP/1.1" 200 56558 "https://www.bakermountainguides.com/adventures/" "Mozilla/5.0 (X11; Linux x86_64) AppleWebKit/537.36 (KHTML, like Gecko) Chrome/120.0.0.0 Safari/537.36"
157.90.10.15 - - [05/May/2026:10:51:56 -0400] "GET /adventures/?q=trnqdo HTTP/1.1" 200 56558 "https://www.bakermountainguides.com/adventures/" "Mozilla/5.0 (Windows NT 6.1; WOW64; rv:92.0) Gecko/20100101 Firefox/92.0"
23.80.88.112 - - [05/May/2026:10:51:26 -0400] "GET /adventures/?q=xxrmbd HTTP/1.1" 200 56558 "https://www.bakermountainguides.com/adventures/" "Mozilla/5.0 (Windows NT 10.0; Win64; x64) AppleWebKit/537.36 (KHTML, like Gecko) Chrome/108.0.0.0 Safari/537.36"
157.90.10.15 - - [05/May/2026:10:51:55 -0400] "GET /adventures/?q=ebivqd HTTP/1.1" 200 56558 "https://www.bakermountainguides.com/adventures/" "Mozilla/5.0 (Windows NT 6.1; WOW64; rv:92.0) Gecko/20100101 Firefox/92.0"
103.162.63.153 - - [05/May/2026:10:51:27 -0400] "GET /adventures/?q=oilape HTTP/1.1" 200 56558 "https://www.bakermountainguides.com/adventures/" "Mozilla/5.0 (Linux; Android 12; SM-G998B) AppleWebKit/537.36 (KHTML, like Gecko) Chrome/101.0.4951.41 Mobile Safari/537.36"
23.80.88.112 - - [05/May/2026:10:51:53 -0400] "GET /adventures/?q=rjgnrt HTTP/1.1" 200 56558 "https://www.bakermountainguides.com/adventures/" "Mozilla/5.0 (Windows NT 10.0; Win64; x64) AppleWebKit/537.36 (KHTML, like Gecko) Chrome/90.0.4430.212 Safari/537.36 Edge/90.0.818.66"
157.90.10.15 - - [05/May/2026:10:52:26 -0400] "GET /adventures/?q=xspwks HTTP/1.1" 200 56558 "https://www.bakermountainguides.com/adventures/" "Mozilla/5.0 (Windows NT 6.1; Win64; x64) AppleWebKit/537.36 (KHTML, like Gecko) Chrome/105.0.5195.127 Safari/537.36 Edge/105.0.1343.33"
157.90.10.15 - - [05/May/2026:10:51:27 -0400] "GET /adventures/?q=iakite HTTP/1.1" 200 56558 "https://www.bakermountainguides.com/adventures/" "Mozilla/5.0 (Windows NT 6.1; WOW64; rv:92.0) Gecko/20100101 Firefox/92.0"
157.90.10.15 - - [05/May/2026:10:52:35 -0400] "GET /adventures/?q=qfwjze HTTP/1.1" 200 56558 "https://www.bakermountainguides.com/adventures/" "Mozilla/5.0 (Windows NT 6.1; Win64; x64; rv:91.0) Gecko/20100101 Firefox/91.0"
157.90.10.15 - - [05/May/2026:10:52:06 -0400] "GET /adventures/?q=kzovyn HTTP/1.1" 200 56558 "https://www.bakermountainguides.com/adventures/" "Mozilla/5.0 (Macintosh; Intel Mac OS X 10_14_6) AppleWebKit/537.36 (KHTML, like Gecko) Chrome/95.0.4638.69 Safari/537.36"
157.90.10.15 - - [05/May/2026:10:52:11 -0400] "GET /adventures/?q=nkolli HTTP/1.1" 200 56558 "https://www.bakermountainguides.com/adventures/" "Mozilla/5.0 (Windows NT 10.0; Win64; x64) AppleWebKit/537.36 (KHTML, like Gecko) Chrome/122.0.0.0 Safari/537.36"
157.90.10.15 - - [05/May/2026:10:51:57 -0400] "GET /adventures/?q=fongfn HTTP/1.1" 200 56558 "https://www.bakermountainguides.com/adventures/" "Mozilla/5.0 (Windows NT 10.0; Win64; x64) AppleWebKit/537.36 (KHTML, like Gecko) Chrome/122.0.0.0 Safari/537.36"
157.90.10.15 - - [05/May/2026:10:51:46 -0400] "GET /adventures/?q=qxaeeq HTTP/1.1" 200 56558 "https://www.bakermountainguides.com/adventures/" "Mozilla/5.0 (Macintosh; Intel Mac OS X 10_14_6) AppleWebKit/537.36 (KHTML, like Gecko) Chrome/95.0.4638.69 Safari/537.36"
104.28.240.123 - - [05/May/2026:10:52:32 -0400] "GET /adventures/?q=ftgscg HTTP/1.1" 200 56558 "https://www.bakermountainguides.com/adventures/" "Mozilla/5.0 (Windows NT 6.1; WOW64; rv:99.0) Gecko/20100101 Firefox/99.0"
23.80.88.112 - - [05/May/2026:10:51:27 -0400] "GET /adventures/?q=psphtz HTTP/1.1" 200 56558 "https://www.bakermountainguides.com/adventures/" "Mozilla/5.0 (Windows NT 6.1; Win64; x64) AppleWebKit/537.36 (KHTML, like Gecko) Chrome/110.0.5481.104 Safari/537.36"
118.97.164.19 - - [05/May/2026:10:52:39 -0400] "GET /adventures/?q=mcicrs HTTP/1.1" 200 56558 "https://www.bakermountainguides.com/adventures/" "Mozilla/5.0 (Windows NT 6.1; WOW64; rv:92.0) Gecko/20100101 Firefox/92.0"
23.80.88.112 - - [05/May/2026:10:52:34 -0400] "GET /adventures/?q=rjgnrt HTTP/1.1" 200 56558 "https://www.bakermountainguides.com/adventures/" "Mozilla/5.0 (Windows NT 10.0; Win64; x64) AppleWebKit/537.36 (KHTML, like Gecko) Chrome/90.0.4430.212 Safari/537.36 Edge/90.0.818.66"
157.90.10.15 - - [05/May/2026:10:52:40 -0400] "GET /adventures/?q=cbfkbq HTTP/1.1" 200 56558 "https://www.bakermountainguides.com/adventures/" "Mozilla/5.0 (Macintosh; Intel Mac OS X 10_14_6) AppleWebKit/537.36 (KHTML, like Gecko) Chrome/95.0.4638.69 Safari/537.36"
157.90.10.15 - - [05/May/2026:10:51:26 -0400] "GET /adventures/?q=qepazo HTTP/1.1" 200 56558 "https://www.bakermountainguides.com/adventures/" "Mozilla/5.0 (Macintosh; Intel Mac OS X 10_15_7) AppleWebKit/537.36 (KHTML, like Gecko) Chrome/121.0.0.0 Safari/537.36"
157.90.10.15 - - [05/May/2026:10:51:27 -0400] "GET /adventures/?q=lfwbij HTTP/1.1" 200 56558 "https://www.bakermountainguides.com/adventures/" "Mozilla/5.0 (Windows NT 10.0; Win64; x64; rv:75.0) Gecko/20100101 Firefox/75.0"
23.80.88.112 - - [05/May/2026:10:51:50 -0400] "GET /adventures/?q=nvmlcp HTTP/1.1" 200 56558 "https://www.bakermountainguides.com/adventures/" "Mozilla/5.0 (Windows NT 10.0; Win64; x64; rv:62.0) Gecko/20100101 Firefox/62.0"
157.90.10.15 - - [05/May/2026:10:52:33 -0400] "GET /adventures/?q=trnqdo HTTP/1.1" 200 56558 "https://www.bakermountainguides.com/adventures/" "Mozilla/5.0 (Windows NT 6.1; WOW64; rv:92.0) Gecko/20100101 Firefox/92.0"
125.27.192.162 - - [05/May/2026:10:51:27 -0400] "GET /adventures/?q=vasvma HTTP/1.1" 404 - "https://www.bakermountainguides.com/adventures/" "Mozilla/5.0 (Macintosh; Intel Mac OS X 10_15_7) AppleWebKit/537.36 (KHTML, like Gecko) Chrome/109.0.0.0 Safari/537.36"
157.90.10.15 - - [05/May/2026:10:52:26 -0400] "GET /adventures/?q=dxuzei HTTP/1.1" 200 56558 "https://www.bakermountainguides.com/adventures/" "Mozilla/5.0 (Windows NT 10.0; Win64; x64) AppleWebKit/537.36 (KHTML, like Gecko) Chrome/90.0.4430.212 Safari/537.36 Edge/90.0.818.66"
103.125.31.222 - - [05/May/2026:10:51:26 -0400] "GET /adventures/?q=vbjqub HTTP/1.1" 404 - "https://www.bakermountainguides.com/adventures/" "Mozilla/5.0 (Macintosh; Intel Mac OS X 10_15_6) AppleWebKit/537.36 (KHTML, like Gecko) Chrome/111.0.0.0 Safari/537.36"
157.90.10.15 - - [05/May/2026:10:52:45 -0400] "GET /adventures/?q=fongfn HTTP/1.1" 200 56558 "https://www.bakermountainguides.com/adventures/" "Mozilla/5.0 (Windows NT 10.0; Win64; x64) AppleWebKit/537.36 (KHTML, like Gecko) Chrome/122.0.0.0 Safari/537.36"
157.90.10.15 - - [05/May/2026:10:51:27 -0400] "GET /adventures/?q=xndkuz HTTP/1.1" 404 - "https://www.bakermountainguides.com/adventures/" "Mozilla/5.0 (Macintosh; Intel Mac OS X 10_15_6) AppleWebKit/537.36 (KHTML, like Gecko) Chrome/111.0.0.0 Safari/537.36"
157.90.10.15 - - [05/May/2026:10:52:47 -0400] "GET /adventures/?q=xndkuz HTTP/1.1" 200 56558 "https://www.bakermountainguides.com/adventures/" "Mozilla/5.0 (Macintosh; Intel Mac OS X 10_15_6) AppleWebKit/537.36 (KHTML, like Gecko) Chrome/111.0.0.0 Safari/537.36"
157.90.10.15 - - [05/May/2026:10:52:46 -0400] "GET /adventures/?q=iakite HTTP/1.1" 200 56558 "https://www.bakermountainguides.com/adventures/" "Mozilla/5.0 (Windows NT 6.1; WOW64; rv:92.0) Gecko/20100101 Firefox/92.0"
157.90.10.15 - - [05/May/2026:10:52:36 -0400] "GET /adventures/?q=kzovyn HTTP/1.1" 200 56558 "https://www.bakermountainguides.com/adventures/" "Mozilla/5.0 (Macintosh; Intel Mac OS X 10_14_6) AppleWebKit/537.36 (KHTML, like Gecko) Chrome/95.0.4638.69 Safari/537.36"
157.90.10.15 - - [05/May/2026:10:51:31 -0400] "GET /adventures/?q=yemxku HTTP/1.1" 404 - "https://www.bakermountainguides.com/adventures/" "Mozilla/5.0 (Windows NT 6.1; Win64; x64) AppleWebKit/537.36 (KHTML, like Gecko) Chrome/102.0.5005.115 Safari/537.36 Edge/102.0.1245.39"
193.19.109.169 - - [05/May/2026:10:51:43 -0400] "GET /adventures/?q=hlroif HTTP/1.1" 404 - "https://www.bakermountainguides.com/adventures/" "Mozilla/5.0 (Macintosh; Intel Mac OS X 10_15_6) AppleWebKit/537.36 (KHTML, like Gecko) Chrome/111.0.0.0 Safari/537.36"
103.121.22.192 - - [05/May/2026:10:51:51 -0400] "GET /adventures/?q=qhgdub HTTP/1.1" 404 - "https://www.bakermountainguides.com/adventures/" "Mozilla/5.0 (Windows NT 6.1; WOW64; rv:92.0) Gecko/20100101 Firefox/92.0"
157.90.10.15 - - [05/May/2026:10:52:04 -0400] "GET /adventures/?q=swdcno HTTP/1.1" 404 - "https://www.bakermountainguides.com/adventures/" "Mozilla/5.0 (Windows NT 6.3; Win64; x64) AppleWebKit/537.36 (KHTML, like Gecko) Chrome/91.0.4472.124 Safari/537.36 Edge/91.0.864.59"
157.90.10.15 - - [05/May/2026:10:52:05 -0400] "GET /adventures/?q=nkfojr HTTP/1.1" 404 - "https://www.bakermountainguides.com/adventures/" "Mozilla/5.0 (Linux; Android 12; SM-G998B) AppleWebKit/537.36 (KHTML, like Gecko) Chrome/101.0.4951.41 Mobile Safari/537.36"
157.90.10.15 - - [05/May/2026:10:52:07 -0400] "GET /adventures/?q=pfhiaf HTTP/1.1" 404 - "https://www.bakermountainguides.com/adventures/" "Mozilla/5.0 (Windows NT 6.1; WOW64; rv:92.0) Gecko/20100101 Firefox/92.0"
157.90.10.15 - - [05/May/2026:10:52:07 -0400] "GET /adventures/?q=vxirpz HTTP/1.1" 404 - "https://www.bakermountainguides.com/adventures/" "Mozilla/5.0 (X11; Linux x86_64) AppleWebKit/537.36 (KHTML, like Gecko) Chrome/120.0.0.0 Safari/537.36"
157.90.10.15 - - [05/May/2026:10:53:27 -0400] "GET /adventures/?q=iakite HTTP/1.1" 200 56558 "https://www.bakermountainguides.com/adventures/" "Mozilla/5.0 (Windows NT 6.1; WOW64; rv:92.0) Gecko/20100101 Firefox/92.0"
